
-22
-26 - (-6 - (38 + -14))
4
What is the value of 5 + -5 + 20 + (-27 - -12)?
5
-3 - -8 - (-12 - (-15 + 9))
11
What is the value of 13 + -5 + 25 + -20?
13
Calculate -20 - (-16 - (-7 - (-3 + 5))).
-13
-27 - (-12 + 1 + (-1 - -6) + -5)
-16
What is the value of 4 - (-5 - 7) - 13?
3
-7 + (-23 - (-3 + (-14 - -9)))
-22
What is the value of -6 + 11 - 2 - 5?
-2
Calculate (0 + 0 - -3) + 1201 + -1203.
1
Calculate -21 - -13 - (-29 - 2) - 9.
14
-16 - -7 - -16 - ((-3 - -3) + -1)
8
What is -363 + 349 + (0 - -31)?
17
What is 5 + 7 - (18 - (8 + -15))?
-13
Calculate (280 - 274) + (-9 - (-3 - (1 + -3))).
-2
0 + 0 + -1 + (56 - (-5 - -54))
6
What is -21 + -1 - (6 + -2 + -3)?
-23
Evaluate (1 - 15 - -6) + 24 - 9.
7
Evaluate (32 - 12) + -15 + -11 + 25.
19
What is -22 + 5 + -2 + 19 - 15?
-15
What is -4 + (-5 - (11 - 8)) + 10 - 23?
-25
Calculate (55 - 69) + (3 - 3) + -3.
-17
What is (-8 - -19) + 3 - 23?
-9
Evaluate 5 - (15 + -20) - 26.
-16
2 - 14 - 5 - (-27 + 18)
-8
(4 + -2 - -7) + (33 - 0 - 14)
28
Evaluate 4 + 1 - (10 - (56 + -37)).
14
Evaluate -19 - 4 - ((5 - 3) + (-4 - 0)).
-21
Calculate (-11 - -19) + -2 - -18 - 6.
18
What is -14 + 6 - (2 - 11) - -5?
6
Calculate (-36 - (44 - 77)) + (13 - (1 - -2)).
7
Evaluate 3 + -20 + 30 + -42.
-29
What is the value of 2 + 3 + 3 - (-8 - -9)?
7
What is 2 - -7 - (3 - 5) - 42?
-31
Calculate 201 + -200 - (0 - 1).
2
Calculate -40 + 39 + -1 + (0 - -4) + -4.
-2
(12 - (19 - 20)) + (1 - -7) + 1
22
What is the value of -14 + (-4 - -28) + -9?
1
Evaluate 0 - (-24 - (0 - 22)).
2
(8 - (44 + -28)) + (7 - (1 + -1))
-1
What is the value of -4 - (26 - -1) - (135 - 137)?
-29
12 - 1 - (319 + -321)
13
14 + -7 + 3 + -1 + 9 + -15
3
What is 12 - 29 - (33 + -36)?
-14
8 + (17 + -12 - -1 - 6)
8
1 + (10 + 34 - (6 + 12))
27
Evaluate -4 + (-7 + (7 - -2) - -2) - 10.
-10
What is the value of 1 - 12 - (2031 + -2016)?
-26
-2 + 13 - (-5 - (1 - (-5 + 10)))
12
What is (-3 - (4 - 0 - 5)) + -19?
-21
Calculate 32 + -64 + 55 - 12.
11
Calculate 12 + (2 - -8 - (98 + -81)).
5
What is the value of -16 + 47 + 3 + -17 - (-13 - -2)?
28
Calculate -71 - -62 - (-7 + 1).
-3
What is 7 + (3 - (15 - -5)) + (2 - 7)?
-15
What is 11 + 30 + -39 + 5 + 0?
7
Evaluate (10 + -28 - -14) + -1 + -7.
-12
Evaluate 9 + -16 + (-9 - -8) + 1.
-7
What is the value of -8 + -41 + 4 + 6?
-39
What is the value of (-17 - (-30 + 3 + 14)) + -1 + -5?
-10
Calculate 299 + -301 + -11 + 0.
-13
Evaluate -8 - (0 + -18 + 8).
2
What is 4 + -27 + (4 - -15)?
-4
What is the value of -21 - (-57 + -3 + 24)?
15
What is (4 - (10 - -14)) + (-1 - (-1 - 1))?
-19
Calculate 37 - 3 - (-21 + 13 + 20).
22
(-9 - (-2 - -5 - 6)) + -115 + 121
0
What is 9 - (-6 + 0 + (9 - -1 - -3))?
2
Evaluate 18 + -22 - (7 - (-2 + 2)).
-11
Calculate -8 + (8 - (-16 + 34)) + 0.
-18
29 - 21 - (1 - -17) - -3
-7
Calculate -15 - (-24 + 22) - (-8 + (0 - 1)).
-4
What is the value of 34 + -22 + -15 - -1?
-2
(27 - (19 - -20)) + -8
-20
-41 - (-16 + 3) - -14
-14
What is -7 + (6 - (-4 + 8)) + -1?
-6
Calculate 35 + -51 - (-8 + -1).
-7
What is the value of (-12 - -1) + (12 - 8)?
-7
Calculate -8 - (20 + -13 + -33 + -1).
19
Evaluate (-5 - -5 - (5 + -1)) + (0 - -17).
13
Evaluate (-14 - 1) + 53 + (-31 - -3).
10
Calculate -12 + 13 + 13 - (-11 + 5 + -3).
23
Calculate (-146 - -164) + -4 + 1.
15
Calculate -34 + 4 + (5 - -6) + 4.
-15
What is the value of 1 - 3 - -3 - (-2 - 4) - -22?
29
Evaluate ((1 - 5) + -1 - 34) + -41 + 47.
-33
Calculate (-10 - -5) + -22 + 22 + (1 - -22).
18
Calculate -3 + -15 - (26 + -31).
-13
Evaluate 3 - (-32 + (31 - 12)).
16
-1 + 1 - (-8 + 0) - (-5450 - -5447)
11
Calculate 5 + -5 - ((-10 - (-2 - 8)) + 22).
-22
Evaluate -8 - (-13 + 6) - (37 - 20).
-18
Calculate 11 + -15 + (-8 - 6) + 0.
-18
-24 + 51 + -20 + 1 + (1 - 14)
-5
Evaluate (-8 - (6 + -14) - 3) + -9.
-12
Calculate 17 + -21 + (11 - 1).
6
5 + -4 - (17 - (21 - 6))
-1
What is (0 - 18) + (4 - (1 - -21)) + 9?
-27
(0 + -26 - (-69 + 58)) + (-4 - 2)
-21
What is 1 - 1 - (-12 - 16 - -24)?
4
Calculate 2 + -16 + -5 + 15.
-4
What is the value of (-4 - 0) + -19 + 26 - (-2 - 5)?
10
20 + -9 + 14 + (10 - 24) + 2
13
-2 + -20 - ((1 - 7) + 6)
-22
What is the value of 138 - 122 - (-1 - -13)?
4
Evaluate 6 - (0 - 5 - (5 + 11 + -18)).
9
What is the value of (57 - 71 - (1 - -7)) + (4 - -2)?
-16
(7 + -3 - (-6 - -6)) + -3 + 0
1
What is the value of 1164 - 1139 - (0 - -55)?
-30
What is the value of -1 - (-10 + -9) - (35 + -45)?
28
What is the value of -3 - (8 + (-1 - -7) + -13)?
-4
2 - (5 + (-7 - -3) + (5 - 0))
-4
-13 + (-11 - -10) - (1 + 1) - 9
-25
What is (100 - 100) + (2 - 3)?
-1
(15 - 12) + -2 + -6
-5
Evaluate -8 + 0 + 6 - (5 + 2).
-9
What is the value of -9 + (0 - -19) + 7?
17
What is 21 - (2 + 5 + -1 + 7)?
8
What is 6 + (-11 - (12 + -37) - 10) + -25?
-15
What is the value of -50 + 40 - (-23 - 0)?
13
31 + (-41 - -18) + 3
11
(3 + -6 + 2 - -6 - 3) + -11
-9
What is (-2 + -8 - -9 - 4) + (-7 - 0)?
-12
-2 - -9 - (-3 + -5 + (-57 - -89))
-17
What is the value of (1 + -9 - -1) + 8 + 2?
3
Calculate -1 + 32 + (516 - 536).
11
Evaluate (-28 - (-67 + 20)) + -22.
-3
Calculate -12 - (2 + 12 + (-17 - (-1 + -11))).
-21
10 + -8 - (15 + -12) - (-10 - 0)
9
What is 8 + (33 - 48 - (-16 - (-6 - 0)))?
3
Evaluate (55 - 64) + (23 + 2 - (0 + 1)).
15
What is (28 - (36 + -17)) + (-5 - -2) + 1?
7
What is 4 + 7 + -9 + -2 - 11?
-11
19 + 9 + -15 + -28
-15
Evaluate 35 - 56 - -4 - -25.
8
What is -2 + 15 + -2 + -54 + 41?
-2
Calculate -11 + 27 + -2 + (-18 - -8).
4
What is the value of 3 + 14 + (-11 - -8)?
14
What is 21 + (-8 + 30 - (-3 + 8))?
38
What is the value of -50 - (-38 + -25 + 44)?
-31
Calculate (6 - 16) + (23 - 8 - -16).
21
What is 9 + (-1 - -7) - (13 + (-5 - -1))?
6
13 + -4 - (3 - 0)
6
What is 4 + 2 + -7 + (1 + -7 - 0)?
-7
What is the value of (1 - (1 + 8)) + (261 - 89 - 181)?
-17
What is the value of -42 + -10 + -6 + 34?
-24
What is -13 - 0 - (16 - (13 - (-9 - 1)))?
-6
Evaluate 4 + ((2 - 5) + 9 - 4).
6
What is the value of -2 + (16 - 11) - -11 - -4?
18
What is 27 + -20 + 2 + -5 + 16 + -10?
10
What is 9 - (-5 + -2 + 9 + 3)?
4
-11 + 7 - -19 - 2
13
(3 - 10) + (6 - 0)
-1
What is the value of 10 + (1 - 0) - (-3 + -6 + 9)?
11
What is the value of -3 + (6 - (1 - (9 + -6 - 15)))?
-10
5 - ((16 - (7 - 3)) + -6 + -4)
3
Evaluate -14 + 12 - 5 - 3.
-10
Evaluate -9 - (-3 - (15 - 4)).
5
Evaluate 0 - (-5 - 1 - (-77 - -61)).
-10
31 - (20 - 5 - 0)
16
Calculate 24 - (9 - 1) - 0.
16
(8 - (13 - 1)) + 2
-2
Evaluate -2 + (19 + -21 - (-6 - -1)).
1
Calculate -18 + (-7 + 13 - (8 + (-9 - -5))).
-16
Calculate 1 + 6 + -7 + -32 + 18.
-14
What is 0 + (11 - (-14 + 12))?
13
What is the value of -16 + 20 + (0 + 2 - (-3 + 5))?
4
What is -2 + -2 + -12 - -20?
4
(-7 - -1) + (13 - 15)
-8
What is the value of 164 + -172 + (-1 + -1 - 12)?
-22
Calculate 2 + -1 + 8 - (43 + -50 + 7).
9
Calculate 20 - (-14 - (-37 + -16)).
-19
What is (-5 - 1) + 21 + -11 - -1?
5
What is the value of -34 + 60 - (-10 - -5 - (3 - 1))?
33
9 + -18 + 11 + -4 + 2
0
Calculate (256 - 236) + -47 + 0.
-27
(-10 - 0) + 16 + (-6 - 6) + -2
-8
What is 26 + -13 - (6 + -9 - -14)?
2
What is the value of -1 + 1 + 1 + 0 + 13?
14
Calculate ((-2 - 16) + 12 - -49) + -7.
36
(0 - 1 - -6) + (-38 - -31) + -3
-5
-14 - (-1995 - -1989 - (-7 + 0 + 0))
-15
Evaluate 45 + -53 - (-5 + 1) - (-2 + -1).
-1
204 - 206 - (2 + 2)
-6
Calculate (-4 - -1 - -1 - -1) + (4 - 7).
-4
What is the value of -34 + (3 - -18) - (7 - -3) - 4?
-27
What is -34 - (-14 + -32) - 24?
-12
Calculate -29 - -36 - (6 - (16 - 6)).
11
Evaluate 40 - 22 - 3 - 14.
1
(-50 - -37 - (-3 - -2)) + 3 + 1
-8
Calculate 7 + -17 - (8 - -4 - -8).
-30
Evaluate -11 - (-11 + -5 + 4).
1
35 - (23 + (17 - 36) + 8)
23
(76 - (117 - 53)) + -28 + -2
-18
What is 18 + (-16 - -12) - 5?
9
What is (-7 - -6) + -15 + -2 + 7 + -6?
-17
Evaluate (9 - 16 - 5) + 3.
-9
-1 - (-1 + -5) - (4 + -1)
2
10 + (24 - 32) - (1 - -9)
-8
Evaluate 77 + -17 + -51 + 1 + -29.
-19
What is (-19 - -1) + 37 - 15?
4
Evaluate 6 - ((-11 - (0 - 8)) + 13).
-4
What is -10 + (4 + 5 - (8 - 1))?
-8
What is the value of -8 + (-6 - (15 + -6)) - (5 - 2)?
-26
4 + (-18 - (-6 + -2)) + 0 + -15
-21
Evaluate 50 + -53 - (2 + 0).
-5
Calculate -6 + (33 - 16) + -11.
0
What is -12 + 19 - (52 - 57)?
12
Evaluate -16 + 22 - (69 + -74).
11
What is -10 + -2 + (-3 + (-10 - -14) - -3)?
-8
Evaluate (-20 - (22 + -21)) + 19 - (20 + -2).
-20
Calculate 0 + 4 + -5 - (5 